*b + 1019. Calculate x(-80).
-21
Let o(u) = -6*u**2 - 23*u + 51. What is o(2)?
-19
Let g(p) = -6*p**2 - 106*p + 12886. What is g(-56)?
6
Let q(v) = -v**3 + 85*v**2 + 86*v - 43. What is q(86)?
-43
Let u(v) = 99*v - 7194. Calculate u(73).
33
Let y(m) = 4*m**3 + 36*m**2 + 17*m - 2. Give y(-8).
118
Let s(q) = q**3 - 11*q**2 - 85*q + 23. Give s(17).
312
Let l(x) = -2*x**3 + 21*x**2 - 269*x + 3668. Determine l(12).
8
Let i(q) = -2722*q - 383793. Calculate i(-141).
9
Let j(k) = -k**3 + 32*k**2 - 40*k + 358. Give j(31).
79
Let f(a) = -a**3 - 161*a**2 + 104*a + 16649. Give f(-161).
-95
Let l(m) = 14*m + 9. Give l(-3).
-33
Let g(n) = -447*n**2 + 1. Calculate g(1).
-446
Let q(k) = k**3 - 6*k**2 - 228*k - 137. Give q(-12).
7
Let u(x) = -x**3 + 54*x**2 - 217*x + 3261. Determine u(51).
-3
Let s(m) = -4*m**3 + 55*m**2 + 12*m + 15. What is s(14)?
-13
Let s(b) = -136*b + 5268. Give s(39).
-36
Let x(l) = 2*l**2 + 34*l + 139. Determine x(-14).
55
Let z(u) = u**3 - 34*u**2 + 73*u - 14. Calculate z(31).
-634
Let i(c) = 2959*c - 183452. Determine i(62).
6
Let r(t) = -t**3 - 3*t**2 + 39*t - 7. Calculate r(5).
-12
Let g(y) = -34*y**2 + 44*y - 3. What is g(3)?
-177
Let i(v) = -25*v + 58. Calculate i(5).
-67
Let w(d) = 27*d**2 + 3*d + 2. Calculate w(1).
32
Let g(k) = -23*k - 234. Calculate g(-8).
-50
Let c(n) = -3*n**2 + 37*n + 257. Give c(18).
-49
Let w(l) = 9*l**2 - 7*l - 33. Give w(-5).
227
Let n(d) = 25*d**3 - 2*d**2 - 126*d + 392. Determine n(3).
671
Let y(h) = -h**2 - 856*h - 22376. Calculate y(-27).
7
Let h(w) = 56*w - 49. What is h(1)?
7
Let j(m) = 50*m**3 + 10*m**2 - 8*m - 2. What is j(1)?
50
Let v(r) = -r**2 - 54*r - 112. Give v(-2).
-8
Let n(x) = 101*x - 6967. Calculate n(69).
2
Let m(r) = 2*r**2 - 14*r + 26. Determine m(6).
14
Let d(w) = -5*w**2 - 469*w + 92. What is d(-94)?
-2
Let m(y) = -y**2 + 48*y - 308. What is m(39)?
43
Let k(i) = -50*i**3 + 2*i**2 - 1. Calculate k(-1).
51
Let x(s) = 3*s**3 + 178*s**2 + 558*s - 108. Calculate x(-56).
4
Let w(p) = -3*p**2 + 70*p - 192. What is w(20)?
8
Let l(v) = 3222*v - 22549. Calculate l(7).
5
Let m(t) = 770*t - 763. Calculate m(1).
7
Let p(o) = -2*o**3 + 343*o**2 + 165*o + 1249. Determine p(172).
45
Let o(j) = -j + 40. What is o(19)?
21
Let f(j) = j**3 - 7*j**2 + 8*j - 13. What is f(6)?
-1
Let m(u) = -113*u - 41. Give m(1).
-154
Let o(u) = 12*u**3 - 10*u**2 + 8*u + 2. Calculate o(1).
12
Let l(r) = -r**3 + 16*r**2 + 59*r - 55. What is l(19)?
-17
Let q(g) = 15*g - 445. Calculate q(30).
5
Let u(z) = z**2 + 3141*z + 28189. What is u(-9)?
1
Let c(i) = 599*i + 378. Give c(-1).
-221
Let w(r) = -r**3 + 8*r**2 + 32*r - 357. Give w(11).
-368
Let k(w) = w**3 + 61*w**2 + 115*w - 228. What is k(-59)?
-51
Let g(t) = -365*t - 1479. Determine g(-4).
-19
Let t(v) = -14*v**2 - 272*v - 117. What is t(-19)?
-3
Let o(b) = 82*b + 327. Determine o(-4).
-1
Let q(x) = x**3 - 80*x**2 - 163*x - 94. Give q(82).
-12
Let a(m) = -m**3 - 262*m**2 + 798*m + 789. Determine a(-265).
-6
Let r(a) = -a**3 + 90*a**2 - 566*a - 1233. What is r(83)?
12
Let h(z) = -2*z**3 - 24*z**2 + 50*z + 324. Calculate h(-13).
12
Let v(k) = k**3 + 10*k**2 - 9*k + 1. Give v(-9).
163
Let q(h) = h**3 + 3*h**2 - 110*h + 57. Calculate q(8).
-119
Let y(l) = 5*l**3 - 18*l**2 - 111*l + 416. Determine y(4).
4
Let l(r) = -11*r**2 + 467*r + 12850. What is l(-19)?
6
Let l(g) = 53*g**2 + 1751*g + 20. What is l(-33)?
-46
Let x(g) = -3*g**2 - 128*g - 81. Calculate x(-42).
3
Let k(t) = 2*t**3 - 63*t**2 - 99*t - 1. What is k(33)?
-1
Let s(f) = 7*f**2 + 733*f + 732. What is s(-1)?
6
Let z(r) = 2*r**2 + 87*r + 555. What is z(-36)?
15
Let i(v) = v**3 + 2*v**2 - 32*v - 9. What is i(5)?
6
Let c(p) = 3*p**2 - 3*p - 12. What is c(4)?
24
Let y(l) = l**3 - 11*l**2 + 6*l + 35. What is y(10)?
-5
Let t(a) = 100*a - 1405. Give t(14).
-5
Let r(v) = v**2 - 98*v - 2900. What is r(-24)?
28
Let l(a) = a**3 + 28*a**2 + 115*a - 24. Give l(-23).
-24
Let z(v) = -8*v**2 - 195*v - 50. What is z(-24)?
22
Let c(h) = -4*h**2 - 22*h - 5. What is c(4)?
-157
Let d(u) = u**3 - 36*u**2 - 5*u - 46. What is d(36)?
-226
Let t(o) = -3*o**2 - 366*o + 2721. Give t(7).
12
Let h(c) = c**3 - 18*c**2 - 29*c - 5. Determine h(20).
215
Let j(u) = 17*u + 1358. What is j(-80)?
-2
Let r(a) = -a**3 - 25*a**2 - 85*a + 5. What is r(-4)?
9
Let u(h) = -h**3 + 4*h**2 + 4*h - 51. What is u(6)?
-99
Let w(h) = h**2 - 42*h + 301. What is w(34)?
29
Let r(i) = 2*i**3 - 98*i**2 + 93*i + 250. What is r(48)?
106
Let h(m) = 1180*m + 3613. Give h(-3).
73
Let v(o) = -97*o - 1837. Give v(-19).
6
Let i(x) = 33*x - 2209. Give i(67).
2
Let s(w) = -w**3 - 129*w**2 + 23*w + 2963. Calculate s(-129).
-4
Let j(u) = -2914*u - 8727. Calculate j(-3).
15
Let c(y) = y**2 - 50*y - 411. Give c(57).
-12
Let y(g) = 57*g + 471. Calculate y(-10).
-99
Let f(v) = 3*v**2 - 3*v + 7. Determine f(0).
7
Let v(b) = b**3 + 16*b**2 + 19*b - 36. What is v(-14)?
90
Let y(m) = -40159*m - 361431. Give y(-9).
0
Let f(g) = -2*g**3 + 3*g**2 + 126*g - 253. Determine f(2).
-5
Let y(q) = -q**2 + 89*q - 2114. Calculate y(46).
-136
Let s(r) = -49*r - 7802. Calculate s(-159).
-11
Let c(n) = n**3 + 21*n**2 + 184*n + 620. What is c(-7)?
18
Let i(s) = 127*s + 6087. Determine i(-48).
-9
Let g(v) = v**2 + 41*v + 409. Give g(-11).
79
Let l(u) = -u**2 + 61*u + 15. Give l(60).
75
Let g(i) = i**3 + 11*i**2 - 6*i - 58. Calculate g(-13).
-318
Let u(x) = -x**3 - 6*x**2 + 31*x - 35. What is u(-8)?
-155
Let o(p) = 1044*p - 19902. Calculate o(19).
-66
Let c(k) = -k**3 - 3*k**2 + 28*k + 59. Calculate c(-7).
59
Let i(l) = -152*l - 327. Calculate i(-5).
433
Let h(m) = 8*m + 221. Give h(-23).
37
Let w(m) = -3*m**3 - 5*m**2 - 341*m - 673. Calculate w(-2).
13
Let f(i) = -2*i**3 + 4*i**2 + 73*i. Determine f(7).
21
Let q(k) = -2*k**2 - 395*k + 7763. What is q(18)?
5
Let j(v) = v**3 - 33*v**2 - 103*v - 9. What is j(0)?
-9
Let i(x) = -130*x + 1506. Give i(11).
76
Let t(h) = h**3 - 8*h**2 - 66*h - 5. Calculate t(13).
-18
Let g(a) = -a**3 - 23*a**2 - 17*a + 27. What is g(-22)?
-83
Let l(s) = -171*s + 799. Calculate l(6).
-227
Let p(r) = -r**3 - 34*r**2 - 68*r + 678. What is p(-31)?
-97
Let v(k) = 119*k + 1553. Calculate v(-13).
6
Let j(p) = -2*p**2 - 390*p - 5166. What is j(-181)?
-98
Let q(k) = 12*k + 573. Determine q(-52).
-51
Let m(i) = -5*i**3 + 64*i**2 - 179*i + 2498. Calculate m(13).
2
Let p(s) = -30*s**2 + 15*s + 135. Give p(-5).
-690
Let z(k) = 3*k**3 - 85*k**2 - 76*k + 505. Give z(29).
-17
Let l(z) = 222*z - 633. Give l(3).
33
Let g(m) = m**2 - 94*m - 19. Calculate g(99).
476
Let d(l) = -9*l**2 + 171*l + 174. Give d(20).
-6
Let f(c) = -643*c + 2565. What is f(4)?
-7
Let y(c) = c**3 - 29*c**2 + 59*c - 130. What is y(27)?
5
Let t(r) = -87*r**2 - 2522*r + 11. What is t(-29)?
-18
Let j(t) = 3*t**3 - 93*t**2 - 8*t + 111. Give j(31).
-137
Let h(j) = 2*j**3 - 128*j**2 - j + 26. Give h(64).
-38
Let g(l) = -l**2 - 27. What is g(7)?
-76
Let o(j) = -j**2 - j - 75. Give o(-16).
-315
Let j(x) = -x**2 - 1678*x - 8386. Give j(-5).
-21
Let p(u) = 289*u**3 - 5*u**2 + 6*u - 3. Calculate p(1).
287
Let w(x) = -398*x - 1195. Determine w(-3).
-1
Let x(p) = -2*p**2 + 34*p + 1. Determine x(16).
33
Let o(b) = -6*b**3 - 2*b**2 + 6*b + 7. What is o(3)?
-155
Let m(o) = -41*o + 128. Determine m(1).
87
Let f(s) = 2*s**2 + 295*s + 2872. Calculate f(-137).
-5
Let l(j) = j + 715. Calculate l(-44).
671
Let w(f) = -280*f - 5798. What is w(-21)?
82
Let q(x) = 2*x**2 + 63*x + 639. What is q(-15)?
144
Let d(b) = -20295*b + 142085. Give d(7).
20
Let a(b) = -b**3 - 20*b**2 - b - 5. Calculate a(-19).
-347
Let j(l) = l**3 + 9*l**2 + 17*l - 14. Calculate j(-8).
-86
Let i(h) = -2*h**3 - 37*h**2 + 60*h - 3. What is i(-20)?
-3
Let a(m) = 90*m + 993. What is a(-11)?
3
Let z(d) = -299*d - 47. What is z(-1)?
252
Let f(o) = -13*o**2 + 4*o - 9. Determine f(3).
-114
Let c(l) = -422*l + 2502. What is c(6)?
-30
Let k(d) = -d**3 + 13*d**2 - 27*d + 537. What is k(14)?
-37
Let w(v) = v**2 - 6*v + 23. Give w(6).
23
Let n(d) = 5*d**3 - 11*d**2 + 9*d - 11. What is n(3)?
52
Let p(c) = -9*c**2 - 924*c - 1504. Calculate p(-101).
11
Let i(y) = 12*y**2 - 37*y + 7. Calculate i(3).
4
Let p(t) = -21*t + 428. Determine p(20).
8
Let j(w) = 294*w + 16184. Determine j(-55).
14
Let n(h) = 113*h - 2256. Determine n(20).
4
Let h(f) = -2*f**3 - 55*f**2 + 40*f + 331. Determine h(-28